emainder when 7331 is divided by 1430?
181
Calculate the remainder when 103623 is divided by 171.
168
Calculate the remainder when 5871 is divided by 401.
257
Calculate the remainder when 281246 is divided by 34.
32
What is the remainder when 113250 is divided by 25?
0
What is the remainder when 75114 is divided by 75099?
15
Calculate the remainder when 62619 is divided by 1897.
18
Calculate the remainder when 5260 is divided by 2506.
248
What is the remainder when 11994 is divided by 2376?
114
What is the remainder when 9402 is divided by 4700?
2
Calculate the remainder when 9794 is divided by 248.
122
What is the remainder when 2951 is divided by 170?
61
Calculate the remainder when 6346 is divided by 31.
22
Calculate the remainder when 10374 is divided by 64.
6
Calculate the remainder when 4035 is divided by 1997.
41
Calculate the remainder when 7006 is divided by 650.
506
What is the remainder when 216 is divided by 58?
42
What is the remainder when 7032 is divided by 1752?
24
Calculate the remainder when 3473 is divided by 43.
33
What is the remainder when 86185 is divided by 43082?
21
Calculate the remainder when 137362 is divided by 17169.
10
Calculate the remainder when 15083 is divided by 40.
3
What is the remainder when 64234 is divided by 443?
442
What is the remainder when 6758 is divided by 3199?
360
Calculate the remainder when 117016 is divided by 20.
16
What is the remainder when 4349 is divided by 4083?
266
Calculate the remainder when 107087 is divided by 6692.
15
Calculate the remainder when 496214 is divided by 430.
424
What is the remainder when 10148 is divided by 596?
16
Calculate the remainder when 9572 is divided by 611.
407
Calculate the remainder when 26821 is divided by 395.
356
Calculate the remainder when 24390 is divided by 29.
1
Calculate the remainder when 9929 is divided by 24.
17
What is the remainder when 712 is divided by 13?
10
What is the remainder when 660136 is divided by 1339?
9
What is the remainder when 8007 is divided by 572?
571
Calculate the remainder when 26197 is divided by 22.
17
What is the remainder when 6494 is divided by 16?
14
What is the remainder when 3040 is divided by 605?
15
What is the remainder when 48404 is divided by 155?
44
What is the remainder when 5707 is divided by 520?
507
What is the remainder when 4682 is divided by 37?
20
Calculate the remainder when 266621 is divided by 15683.
10
Calculate the remainder when 478169 is divided by 691.
688
Calculate the remainder when 9598 is divided by 109.
6
What is the remainder when 11415 is divided by 254?
239
What is the remainder when 33288 is divided by 37?
25
What is the remainder when 1370184 is divided by 19?
18
What is the remainder when 17693 is divided by 28?
25
Calculate the remainder when 68 is divided by 32.
4
What is the remainder when 572 is divided by 53?
42
What is the remainder when 14272 is divided by 14260?
12
Calculate the remainder when 992 is divided by 223.
100
Calculate the remainder when 33672 is divided by 15.
12
Calculate the remainder when 36757 is divided by 17978.
801
Calculate the remainder when 186234 is divided by 7.
6
Calculate the remainder when 948 is divided by 85.
13
What is the remainder when 19035 is divided by 1579?
87
Calculate the remainder when 156193 is divided by 5205.
43
What is the remainder when 434506 is divided by 21725?
6
Calculate the remainder when 2703 is divided by 83.
47
Calculate the remainder when 16107 is divided by 366.
3
What is the remainder when 100824 is divided by 109?
108
What is the remainder when 69625 is divided by 114?
85
Calculate the remainder when 107251 is divided by 1703.
1665
Calculate the remainder when 42457 is divided by 110.
107
Calculate the remainder when 748080 is divided by 343.
340
Calculate the remainder when 37911 is divided by 240.
231
What is the remainder when 109784 is divided by 71?
18
Calculate the remainder when 26747 is divided by 4455.
17
Calculate the remainder when 19600 is divided by 785.
760
Calculate the remainder when 9560 is divided by 1213.
1069
What is the remainder when 3446 is divided by 1130?
56
What is the remainder when 54546 is divided by 39?
24
Calculate the remainder when 7610 is divided by 94.
90
What is the remainder when 9195 is divided by 524?
287
Calculate the remainder when 147258 is divided by 36813.
6
Calculate the remainder when 1077 is divided by 24.
21
Calculate the remainder when 27516 is divided by 80.
76
What is the remainder when 1915956 is divided by 38?
34
Calculate the remainder when 34025 is divided by 19.
15
What is the remainder when 408929 is divided by 86?
85
What is the remainder when 27936 is divided by 145?
96
Calculate the remainder when 56161 is divided by 759.
754
What is the remainder when 7871 is divided by 2606?
53
Calculate the remainder when 252921 is divided by 13309.
50
Calculate the remainder when 2206 is divided by 1096.
14
Calculate the remainder when 924 is divided by 906.
18
What is the remainder when 659247 is divided by 23?
21
Calculate the remainder when 4216 is divided by 2.
0
What is the remainder when 67681 is divided by 151?
33
What is the remainder when 1633 is divided by 234?
229
Calculate the remainder when 417 is divided by 39.
27
What is the remainder when 272996 is divided by 1050?
1046
What is the remainder when 753 is divided by 148?
13
What is the remainder when 2853 is divided by 1400?
53
Calculate the remainder when 6186 is divided by 192.
42
Calculate the remainder when 2355 is divided by 2328.
27
What is the remainder when 7459 is divided by 23?
7
What is the remainder when 156124 is divided by 656?
652
Calculate the remainder when 2088 is divided by 336.
72
What is the remainder when 26772 is divided by 153?
150
Calculate the remainder when 1508 is divided by 317.
240
What is the remainder when 18949 is divided by 18942?
7
What is the remainder when 157722 is divided by 225?
222
What is the remainder when 16987 is divided by 298?
1
What is the remainder when 5647 is divided by 314?
309
Calculate the remainder when 5995 is divided by 7.
3
Calculate the remainder when 55895 is divided by 1166.
1093
Calculate the remainder when 105849 is divided by 304.
57
What is the remainder when 1021800 is divided by 1466?
1464
What is the remainder when 3445 is divided by 295?
200
Calculate the remainder when 2276 is divided by 280.
36
Calculate the remainder when 1830 is divided by 595.
45
What is the remainder when 95874 is divided by 47925?
24
Calculate the remainder when 10641 is divided by 1206.
993
Calculate the remainder when 3975 is divided by 36.
15
What is the remainder when 20007 is divided by 1660?
87
What is the remainder when 566 is divided by 83?
68
What is the remainder when 306868 is divided by 579?
577
Calculate the remainder when 15832 is divided by 21.
19
What is the remainder when 119426 is divided by 4?
2
What is the remainder when 112234 is divided by 161?
17
Calculate the remainder when 143328 is divided by 211.
59
Calculate the remainder when 14002 is divided by 136.
130
Calculate the remainder when 23319 is divided by 20.
19
Calculate the remainder when 12134 is divided by 213.
206
Calculate the remainder when 39987 is divided by 342.
315
What is the remainder when 2558 is divided by 1236?
86
Calculate the remainder when 9376 is divided by 141.
70
What is the remainder when 433 is divided by 323?
110
What is the remainder when 15765 is divided by 37?
3
What is the remainder when 26224 is divided by 18?
16
What is the remainder when 621919 is divided by 260?
259
What is the remainder when 58064 is divided by 57997?
67
Calculate the remainder when 49801 is divided by 49777.
24
Calculate the remainder when 2533 is divided by 225.
58
Calculate the remainder when 17302 is divided by 618.
616
What is the remainder when 474044 is divided by 85?
84
What is the remainder when 6506807 is divided by 7?
6
Calculate the remainder when 5290 is divided by 1318.
18
What is the remainder when 12032 is divided by 866?
774
Calculate the remainder when 22045 is divided by 10916.
213
What is the remainder when 471 is divided by 146?
33
Calculate the remainder when 78012 is divided by 1395.
1287
What is the remainder when 1207 is divided by 592?
23
What is the remaind